igit of 3057859?
9
What is the thousands digit of 14445359?
5
What is the ten thousands digit of 222900?
2
What is the hundred thousands digit of 509274?
5
What is the hundred thousands digit of 554652?
5
What is the hundred thousands digit of 337771?
3
What is the thousands digit of 93189?
3
What is the hundreds digit of 2814395?
3
What is the tens digit of 1054023?
2
What is the ten thousands digit of 748239?
4
What is the ten thousands digit of 312090?
1
What is the hundred thousands digit of 8295764?
2
What is the tens digit of 68630?
3
What is the ten thousands digit of 476742?
7
What is the hundreds digit of 1663443?
4
What is the tens digit of 1459655?
5
What is the units digit of 1065329?
9
What is the millions digit of 1739398?
1
What is the tens digit of 738270?
7
What is the ten thousands digit of 2697395?
9
What is the ten thousands digit of 263294?
6
What is the hundred thousands digit of 1649365?
6
What is the hundred thousands digit of 672014?
6
What is the hundreds digit of 511042?
0
What is the tens digit of 16543138?
3
What is the ten thousands digit of 2428635?
2
What is the ten thousands digit of 907759?
0
What is the ten millions digit of 16780600?
1
What is the millions digit of 1347013?
1
What is the tens digit of 243664?
6
What is the hundred thousands digit of 5371662?
3
What is the thousands digit of 227288?
7
What is the thousands digit of 3178?
3
What is the ten thousands digit of 378181?
7
What is the units digit of 8248166?
6
What is the hundreds digit of 295779?
7
What is the units digit of 558308?
8
What is the units digit of 37435?
5
What is the hundreds digit of 141539?
5
What is the hundred thousands digit of 1030410?
0
What is the millions digit of 2060926?
2
What is the ten thousands digit of 5048662?
4
What is the units digit of 153777?
7
What is the hundred thousands digit of 319957?
3
What is the tens digit of 1869865?
6
What is the hundreds digit of 2806263?
2
What is the tens digit of 6542557?
5
What is the units digit of 546585?
5
What is the hundred thousands digit of 6228173?
2
What is the units digit of 3242685?
5
What is the millions digit of 1059027?
1
What is the millions digit of 5434843?
5
What is the units digit of 290770?
0
What is the tens digit of 298897?
9
What is the thousands digit of 262355?
2
What is the units digit of 21206951?
1
What is the hundred thousands digit of 186055?
1
What is the thousands digit of 15085?
5
What is the units digit of 24150669?
9
What is the ten thousands digit of 1687953?
8
What is the ten thousands digit of 486243?
8
What is the ten thousands digit of 5186727?
8
What is the hundreds digit of 590002?
0
What is the tens digit of 17911154?
5
What is the hundred thousands digit of 839318?
8
What is the thousands digit of 6015?
6
What is the units digit of 21439698?
8
What is the units digit of 1257254?
4
What is the hundred thousands digit of 427411?
4
What is the units digit of 639496?
6
What is the ten thousands digit of 5288737?
8
What is the hundreds digit of 12938484?
4
What is the thousands digit of 42824?
2
What is the hundred thousands digit of 2427778?
4
What is the hundred thousands digit of 283419?
2
What is the hundreds digit of 15290298?
2
What is the hundreds digit of 894421?
4
What is the ten millions digit of 12475296?
1
What is the hundred thousands digit of 176464?
1
What is the hundred thousands digit of 4478996?
4
What is the hundred thousands digit of 2973978?
9
What is the thousands digit of 32431?
2
What is the thousands digit of 2378924?
8
What is the ten thousands digit of 1482092?
8
What is the hundred thousands digit of 639511?
6
What is the millions digit of 2138569?
2
What is the tens digit of 3669417?
1
What is the hundred thousands digit of 132266?
1
What is the thousands digit of 33911751?
1
What is the thousands digit of 136394?
6
What is the ten thousands digit of 2867297?
6
What is the ten thousands digit of 454000?
5
What is the tens digit of 172608?
0
What is the hundreds digit of 2625078?
0
What is the hundreds digit of 29221?
2
What is the units digit of 332677?
7
What is the millions digit of 12046099?
2
What is the thousands digit of 1576157?
6
What is the thousands digit of 18892280?
2
What is the tens digit of 15930088?
8
What is the hundred thousands digit of 27448421?
4
What is the thousands digit of 489262?
9
What is the tens digit of 6399369?
6
What is the hundreds digit of 111836?
8
What is the hundred thousands digit of 526829?
5
What is the hundreds digit of 116162?
1
What is the ten thousands digit of 3210885?
1
What is the hundred thousands digit of 3974362?
9
What is the hundreds digit of 8947737?
7
What is the ten thousands digit of 171882?
7
What is the thousands digit of 48729?
8
What is the units digit of 1169788?
8
What is the hundred thousands digit of 565435?
5
What is the ten thousands digit of 892979?
9
What is the hundreds digit of 59317?
3
What is the units digit of 1908910?
0
What is the hundred thousands digit of 583914?
5
What is the hundreds digit of 317006?
0
What is the thousands digit of 804064?
4
What is the thousands digit of 338274?
8
What is the hundred thousands digit of 625282?
6
What is the tens digit of 209604?
0
What is the ten thousands digit of 1676262?
7
What is the hundred thousands digit of 595468?
5
What is the tens digit of 746146?
4
What is the units digit of 11714662?
2
What is the units digit of 2049966?
6
What is the hundred thousands digit of 8326408?
3
What is the ten thousands digit of 6844185?
4
What is the hundreds digit of 582472?
4
What is the ten millions digit of 22835143?
2
What is the tens digit of 2815863?
6
What is the tens digit of 591797?
9
What is the units digit of 148209?
9
What is the thousands digit of 317280?
7
What is the thousands digit of 148506?
8
What is the ten thousands digit of 5779462?
7
What is the hundred thousands digit of 128885?
1
What is the units digit of 573143?
3
What is the ten thousands digit of 60175?
6
What is the millions digit of 2911260?
2
What is the thousands digit of 10787934?
7
What is the hundreds digit of 3171603?
6
What is the units digit of 6117014?
4
What is the hundreds digit of 4931905?
9
What is the hundred thousands digit of 417827?
4
What is the thousands digit of 2399023?
9
What is the tens digit of 550568?
6
What is the units digit of 4296711?
1
What is the hundreds digit of 7443287?
2
What is the hundred thousands digit of 3284270?
2
What is the hundreds digit of 916214?
2
What is the hundreds digit of 511778?
7
What is the units digit of 137999?
9
What is the hundreds digit of 201732?
7
What is the hundred thousands digit of 6869775?
8
What is the ten thousands digit of 99691?
9
What is the units digit of 28004005?
5
What is the units digit of 18337671?
1
What is the thousands digit of 402500?
2
What is the units digit of 335017?
7
What is the millions digit of 2194452?
2
What is the tens digit of 184885?
8
What is the thousands digit of 8225357?
5
What is the hundred thousands digit of 33857037?
8
What is the units digit of 1605834?
4
What is the ten thousands digit of 503477?
0
What is the ten thousands digit of 2253831?
5
What is the tens digit of 65276?
7
What is the units digit of 389404?
4
What is the thousands digit of 10042188?
2
What is the ten thousands digit of 313463?
1
What is the ten thousands digit of 249194?
4
What is the ten thousands digit of 647432?
4
What is the units digit of 9665531?
1
What is the units digit of 1278015?
5
What is the ten thousands digit of 8007942?
0
What is the hundreds digit of 376767?
7
What is the hundreds digit of 8791518?
5
What is the ten thousands digit of 361637?
6
What is the hundreds digit of 558593?
5
What is the thousands digit of 76668?
6
What is the millions digit of 8695168?
8
What is the hundred thousands digit of 1201920?
2
What is the units digit of 87873?
3
What is the units digit of 2815255?
5
What is the ten thousands digit of 5835038?
3
What is the units digit of 1527650?
0
What is the millions digit of 1500058?
1
What is the ten thousands digit of 641675?
4
What is the ten thousands digit of 209664?
0
What is the millions digit of 3570027?
3
What is the millions digit of 7463875?
7
What is the hundreds digit of 374257?
2
What is the hundred